s + 26 = 2*s, 5*c - 4*s = 139. Suppose -3*d + c + 84 = 0. What is the tens digit of d?
3
Let v = 0 + 5. Suppose -h + 16 = -v*n, 5*h - 4*n = 5 + 12. What is the tens digit of (0 - h*-10) + 1?
1
Let d(z) = z**3 + 10*z**2 + 9*z. Let p be d(-9). What is the units digit of (8 - -82) + (1 - p/(-1))?
1
Suppose -68 = -2*l + 10. Suppose p - 2*m - 12 = -p, 2*m + 8 = 0. Suppose -s - l = -p*s. What is the tens digit of s?
3
Let j = 12 + 69. Suppose 0 = -5*a + 441 - j. What is the tens digit of a?
7
Suppose -7*r + 2*r = -4*x + 631, -3 = -3*r. Suppose 2235 = 19*a - x. What is the tens digit of a?
2
Let f(j) be the third derivative of 43*j**4/24 - 4*j**3 - j**2 + 5. What is the tens digit of f(7)?
7
Let m be (0 + 17)*2*2/(-4). What is the tens digit of -6 + 4 - -5 - (0 + m)?
2
Let h(b) = -25*b + 423. What is the hundreds digit of h(-27)?
0
Suppose 35*b - 26771 = 49179. What is the tens digit of b?
7
Let v(l) = -4*l - 12. Let b be v(-4). Suppose 318 = b*u - 418. What is the units digit of u?
4
Let j(q) = 8 + 3*q - 7 + 3. Let w(o) = -o + 3. Let k be w(-3). What is the tens digit of j(k)?
2
Let w = -1617 - -2228. What is the hundreds digit of w?
6
Let x = -3 + 10. Suppose -4*i = x - 3. What is the units digit of -1*(i + 0)*1?
1
Let c(a) = 41*a**2 - 90*a + 20. What is the thousands digit of c(8)?
1
Suppose 2*s = s - 5*o - 17, o - 8 = -4*s. Suppose -78 = -3*h - s. Let w = h + -4. What is the units digit of w?
1
Suppose -3*k = -t - 2531, -3*k - t + 2519 = 4*t. What is the tens digit of k?
4
What is the tens digit of 21/(-7)*2608/(-12)*5?
6
Let g be 2/(-6)*3/(-1). What is the hundreds digit of 3*54 - (-2)/g?
1
Let d(i) = i**2 - i - 12. Let h be d(10). What is the tens digit of (h/8)/(3/32)?
0
Suppose -2*g = 2*z - 380, 3*g + 0*z = -z + 560. Suppose -14 = 3*v - g. What is the tens digit of v?
5
Suppose 15*k - 8*k = 29743. What is the thousands digit of k?
4
Let y be (22/4 - 4)*40/12. Suppose -339 = -3*k - y*d, 2*k + 0*d - 231 = -5*d. What is the tens digit of k?
0
Let w(v) = -v**3 + v**2 + v - 1. Let x(s) = 2*s**3 - 13*s**2 - 7*s + 13. Let r(l) = -3*w(l) - x(l). What is the units digit of r(-9)?
5
Suppose -657 = -2*w + 3*v, 5*v - 2*v = -9. What is the hundreds digit of w?
3
Suppose -412 = -6*v + 698. What is the tens digit of v?
8
Suppose -2*a + a = 3*m - 78, a + 5*m = 84. Let d = a - 31. What is the units digit of d?
8
Let c = -12 + 15. Suppose -y + 2 + c = 0. Suppose 0*x = -y*x + 90. What is the tens digit of x?
1
Suppose 2*c = -2*c + 180. Suppose -d + 123 = 2*d - 5*k, 3*k + c = d. Suppose 0 = -v - 0*v + d. What is the tens digit of v?
3
Let o(h) = -32*h**2 + 2*h - 3. Let j be o(2). Let q = 185 + j. Let b = -26 + q. What is the tens digit of b?
3
Suppose 2*z + 19 = -1. Let v(g) = -2*g + 12. Let w be v(z). Let s = -12 + w. What is the units digit of s?
0
Let t be (10/4)/(2/(-12)). What is the tens digit of (158/3)/(t/(-45))?
5
Let p(r) = 43*r + 336. What is the units digit of p(-7)?
5
Suppose -49*a = -313 - 324. What is the units digit of a?
3
Let v(s) = s**2 + 6*s + 7. Let r be v(-5). Suppose -6*a = -r*a. Suppose a = 5*b + z - 312, b - 56 = -0*b + 3*z. What is the units digit of b?
2
Let r(y) be the second derivative of 5*y**3 + 11*y**2/2 - 25*y. What is the tens digit of r(2)?
7
Let t = 3 + -1. Let z be -1 - (2 - t) - -6. Suppose 0 = -3*c - n + 37, -z*c + 3*n = 2*n - 51. What is the units digit of c?
1
Suppose g - 5*g = 5*k + 2, 0 = -g - 2*k - 2. Suppose -3*w = -g*s + 5*s - 15, 0 = -5*w + 15. What is the units digit of s?
2
Let t(k) = 8*k - 78. Let f be t(11). Let q = -8 - -11. Suppose q*n - 2 = f. What is the units digit of n?
4
Let x(v) = 6*v**2 + 46*v + 10. What is the units digit of x(-8)?
6
Suppose z - 2 = -a, 4*z + 10 = -0*a + 5*a. Suppose -120 = -2*b - a*b. Suppose 0*j = -2*s - 2*j + 30, -2*s + 5*j = -b. What is the units digit of s?
5
Let n be (-50)/(-4)*(-104)/(-65). Let h = 43 + n. What is the tens digit of h?
6
Suppose 123*a - 127*a + 9788 = 0. What is the units digit of a?
7
Let h = -40 + 67. Suppose 4*d = -3*y + 75, -5*d = -4*d - 2*y - h. What is the units digit of d?
1
Let g be (-2)/(-5) + (-24)/(-15). Let v(y) = 34*y**2 - 2*y - 1. Let b be v(g). Suppose 5*x - 19 - b = 0. What is the units digit of x?
0
What is the units digit of (-183)/((-78)/30 + 2)?
5
Suppose -9 - 3 = -2*v. Let j(g) = -23*g + 2. Let s(n) = -11*n + 1. Let m(q) = 6*j(q) - 13*s(q). What is the tens digit of m(v)?
2
Let u = 53 + -68. What is the tens digit of 2*(2 + u)*(-4 + 3)?
2
What is the units digit of 1298*(40/30 + 2/(-6))?
8
Let h(g) = -950*g + 6. Let p be h(-4). What is the hundreds digit of (-32)/(-240) + p/30?
1
Let a = -788 + 1966. What is the hundreds digit of a?
1
Let f be (-6)/(4 - 1) - 26. Let l = f + 95. What is the units digit of l?
7
Let s(w) = -w**2 + 19*w - 4. What is the tens digit of s(3)?
4
Let t = -5 + 9. Suppose 3*u = 4*p - 88, -4*p = -9*p - 4*u + 79. Suppose x - t = p. What is the units digit of x?
3
Let m(u) be the second derivative of -u**5/10 + u**3/3 + 3*u**2 + 6*u. Let f be m(-4). Let k = -56 + f. What is the tens digit of k?
7
What is the tens digit of 1461*-2*(7 - 5)/(-4)?
6
Let n(h) = 2*h**2 + 3*h - 4. Let j be n(-3). Suppose -8*v - j = -3*v. Let r(x) = 2*x**2 + x + 1. What is the units digit of r(v)?
2
Let n(w) = w + 33. Let p be n(-13). Suppose p = 5*j - 2*c, 5*c - 8 = 4*j - 24. What is the units digit of j?
4
What is the tens digit of 1805*(110/25 - 4)?
2
Suppose 3*l + g = 3454 + 6143, 0 = -4*l - 2*g + 12796. What is the hundreds digit of l?
1
Suppose 0*s - 33 = 3*j + s, 2*j = -3*s - 29. Let a = j - -16. What is the units digit of a?
6
Let q(g) = -5*g + 4. Let f be q(-6). Let b = f - -26. Let w = -35 + b. What is the tens digit of w?
2
Suppose 580 = 3*g - 4*h - 375, -4*h = -g + 321. Let n = g - 104. What is the units digit of n?
3
Let t be 20 - -3 - (-1 - 0/(-2)). What is the tens digit of 25*3*t/45?
4
Let i(q) = -q - 9. Let b(t) = 12. Let n(v) = -v + 11. Let r(j) = -6*b(j) + 4*n(j). Let y(l) = -7*i(l) + 2*r(l). What is the units digit of y(-4)?
1
Let f = 70 + -67. Suppose -4*r + 190 = f*a, -a - 3*a - 130 = -3*r. What is the units digit of r?
6
Let b be -7 + 8 - -1*4. Suppose -3*y - 36 = 4*q - 5*q, b*q - 144 = -3*y. What is the units digit of q?
0
Suppose -2*h + 11 = 5*j, -2*h + 4 = h - 5*j. Suppose -h*f - 4 = -16. Suppose 5*g - 2*a - 11 = -3*a, f*g + 4*a + 4 = 0. What is the units digit of g?
3
Let y(r) = -83*r - 1. Let u be y(-1). Let i be 83 + 21/14*-6. Suppose u = 6*d - i. What is the units digit of d?
6
Let v be (0 + 1)*(-10 - 127). Let c = v + 196. What is the tens digit of c?
5
Let a = 12 + -9. Suppose -2*q = -5*q - 3*o - 216, -a*q - 240 = -5*o. Let p = -49 - q. What is the tens digit of p?
2
Let d = -11 + 11. Suppose -o - 30 = -4*c, -o - 4*c - 20 - 10 = d. Let n = o + 47. What is the tens digit of n?
1
Let w be 142/9 + 2/9. Let p be 16/3*120/w. Suppose r + r = -3*g + 21, 4*g = -4*r + p. What is the units digit of r?
9
Suppose -8*w + 8008 + 9072 = 0. What is the thousands digit of w?
2
Suppose 0 = k + 4*k - 5, -4*v = -2*k - 18. Suppose w = -v + 4, 3*j + w = 647. What is the tens digit of j?
1
Suppose -3*l = -3*b - 3969, 0 = 4*l - 5*l + 2*b + 1318. What is the hundreds digit of l?
3
Let l = 4 + -14. Let p be l/25 - (-502)/5. Suppose -4*k = k - p. What is the tens digit of k?
2
Let r(k) = -359*k + 17. What is the tens digit of r(-3)?
9
Suppose 7*t - 10 = 2*t. Suppose 0 = j + 4*z + 7, 22 = 2*j + t*z - 3*z. Suppose 75 + j = 3*s. What is the tens digit of s?
2
Let j = 69 - -58. Let y = -52 + j. What is the tens digit of y?
7
Let w(i) = 2*i - 21. Let q be w(7). What is the units digit of (1*-2 + 10)/(q/(-14))?
6
Let j(s) = 4*s + 3. Let p be j(3). Suppose p = 2*x - 3*t, -x + 4*t + 7 + 3 = 0. What is the units digit of x?
6
Suppose -3 = -2*v + 2*u + 7, 3*v - 5*u - 21 = 0. Suppose -3*z + 3*n = z - 50, -28 = -v*z + 3*n. Suppose -g + z = -0*g. What is the units digit of g?
1
Let b = -2341 - -3867. What is the thousands digit of b?
1
Suppose 74 = 3*g - 7. What is the tens digit of g?
2
Let t(c) = c**2 + 11*c + 14. Let p be t(-10). Let z be -20*p*(-2)/(-16). What is the units digit of z/(15/6 - 3)?
0
Let y(o) = 4*o + 34. Let j be y(0). Let q = 163 - j. What is the units digit of q?
9
Let h = -48 - -124. Suppose 0 = -4*b + i + h, -b + 0*b = -4*i - 34